vided by 13?
7
Calculate the remainder when 623 is divided by 5.
3
What is the remainder when 1257 is divided by 313?
5
What is the remainder when 310 is divided by 32?
22
Calculate the remainder when 984 is divided by 959.
25
Calculate the remainder when 123 is divided by 18.
15
Calculate the remainder when 425 is divided by 104.
9
What is the remainder when 1375 is divided by 21?
10
Calculate the remainder when 21 is divided by 9.
3
Calculate the remainder when 2987 is divided by 5.
2
What is the remainder when 7408 is divided by 130?
128
What is the remainder when 228 is divided by 24?
12
What is the remainder when 440 is divided by 7?
6
Calculate the remainder when 1653 is divided by 69.
66
Calculate the remainder when 3127 is divided by 19.
11
Calculate the remainder when 117 is divided by 50.
17
What is the remainder when 1138 is divided by 44?
38
What is the remainder when 11553 is divided by 36?
33
What is the remainder when 9574 is divided by 76?
74
What is the remainder when 75 is divided by 27?
21
Calculate the remainder when 65 is divided by 2.
1
What is the remainder when 35 is divided by 18?
17
What is the remainder when 142 is divided by 25?
17
Calculate the remainder when 492 is divided by 85.
67
What is the remainder when 208 is divided by 76?
56
Calculate the remainder when 894 is divided by 31.
26
What is the remainder when 123 is divided by 55?
13
Calculate the remainder when 196 is divided by 40.
36
Calculate the remainder when 102 is divided by 13.
11
Calculate the remainder when 2126 is divided by 56.
54
What is the remainder when 3709 is divided by 58?
55
Calculate the remainder when 1675 is divided by 91.
37
What is the remainder when 156 is divided by 66?
24
Calculate the remainder when 227 is divided by 46.
43
What is the remainder when 3637 is divided by 70?
67
What is the remainder when 17729 is divided by 15?
14
Calculate the remainder when 111 is divided by 57.
54
Calculate the remainder when 1520 is divided by 97.
65
What is the remainder when 39 is divided by 35?
4
Calculate the remainder when 612 is divided by 35.
17
What is the remainder when 125 is divided by 14?
13
Calculate the remainder when 26 is divided by 16.
10
Calculate the remainder when 474 is divided by 165.
144
Calculate the remainder when 56 is divided by 22.
12
Calculate the remainder when 701 is divided by 47.
43
Calculate the remainder when 214 is divided by 24.
22
What is the remainder when 710 is divided by 51?
47
Calculate the remainder when 921 is divided by 192.
153
Calculate the remainder when 78 is divided by 16.
14
Calculate the remainder when 61 is divided by 9.
7
Calculate the remainder when 1275 is divided by 211.
9
Calculate the remainder when 370 is divided by 62.
60
What is the remainder when 69 is divided by 35?
34
Calculate the remainder when 2750 is divided by 249.
11
What is the remainder when 125 is divided by 28?
13
Calculate the remainder when 502 is divided by 18.
16
What is the remainder when 949 is divided by 35?
4
What is the remainder when 6088 is divided by 42?
40
What is the remainder when 41 is divided by 31?
10
Calculate the remainder when 620 is divided by 37.
28
Calculate the remainder when 2073 is divided by 71.
14
What is the remainder when 537 is divided by 45?
42
Calculate the remainder when 10648 is divided by 18.
10
What is the remainder when 51 is divided by 18?
15
Calculate the remainder when 25498 is divided by 204.
202
Calculate the remainder when 319 is divided by 28.
11
Calculate the remainder when 1184 is divided by 99.
95
Calculate the remainder when 915 is divided by 25.
15
Calculate the remainder when 53 is divided by 14.
11
What is the remainder when 1240 is divided by 113?
110
Calculate the remainder when 91 is divided by 46.
45
Calculate the remainder when 107 is divided by 57.
50
Calculate the remainder when 6590 is divided by 213.
200
Calculate the remainder when 672 is divided by 82.
16
What is the remainder when 1385 is divided by 73?
71
What is the remainder when 108 is divided by 100?
8
Calculate the remainder when 567 is divided by 57.
54
What is the remainder when 960 is divided by 285?
105
Calculate the remainder when 60655 is divided by 446.
445
What is the remainder when 72 is divided by 67?
5
Calculate the remainder when 297 is divided by 2.
1
Calculate the remainder when 411 is divided by 159.
93
Calculate the remainder when 50 is divided by 18.
14
Calculate the remainder when 1803 is divided by 5.
3
What is the remainder when 125 is divided by 22?
15
What is the remainder when 51 is divided by 28?
23
What is the remainder when 1680 is divided by 99?
96
What is the remainder when 63 is divided by 50?
13
What is the remainder when 198 is divided by 90?
18
What is the remainder when 114 is divided by 33?
15
What is the remainder when 1953 is divided by 103?
99
What is the remainder when 119 is divided by 25?
19
What is the remainder when 5628 is divided by 128?
124
What is the remainder when 611 is divided by 18?
17
What is the remainder when 81 is divided by 24?
9
What is the remainder when 925 is divided by 232?
229
Calculate the remainder when 7518 is divided by 20.
18
What is the remainder when 316 is divided by 95?
31
Calculate the remainder when 705 is divided by 51.
42
What is the remainder when 131 is divided by 26?
1
Calculate the remainder when 1147 is divided by 41.
40
What is the remainder when 55 is divided by 17?
4
Calculate the remainder when 243 is divided by 35.
33
Calculate the remainder when 198 is divided by 83.
32
Calculate the remainder when 382 is divided by 121.
19
What is the remainder when 305 is divided by 31?
26
What is the remainder when 192 is divided by 51?
39
What is the remainder when 7452 is divided by 310?
12
What is the remainder when 398 is divided by 16?
14
What is the remainder when 1005 is divided by 27?
6
Calculate the remainder when 3384 is divided by 280.
24
Calculate the remainder when 152 is divided by 22.
20
What is the remainder when 495 is divided by 8?
7
What is the remainder when 104 is divided by 24?
8
What is the remainder when 96 is divided by 11?
8
What is the remainder when 141 is divided by 12?
9
What is the remainder when 853 is divided by 279?
16
What is the remainder when 389 is divided by 185?
19
What is the remainder when 312 is divided by 89?
45
Calculate the remainder when 670 is divided by 664.
6
What is the remainder when 3358 is divided by 19?
14
What is the remainder when 116 is divided by 96?
20
What is the remainder when 3083 is divided by 119?
108
Calculate the remainder when 218 is divided by 52.
10
What is the remainder when 15677 is divided by 14?
11
What is the remainder when 247 is divided by 60?
7
Calculate the remainder when 202 is divided by 5.
2
Calculate the remainder when 997 is divided by 2.
1
Calculate the remainder when 16036 is divided by 162.
160
Calculate the remainder when 1087 is divided by 84.
79
Calculate the remainder when 150 is divided by 19.
17
What is the remainder when 370 is divided by 80?
50
What is the remainder when 296 is divided by 13?
10
What is the remainder when 612 is divided by 156?
144
What is the remainder when 238 is divided by 117?
4
Calculate the remainder when 70 is divided by 44.
26
What is the remainder when 156 is divided by 7?
2
What is the remainder when 393 is divided by 105?
78
Calculate the remainder when 237 is divided by 28.
13
What is the remainder when 25 is divided by 18?
7
Calculate the remainder when 807 is divided by 10.
7
Calculate the remainder when 1365 is divided by 436.
57
What is the remainder when 751 is divided by 158?
119
Calculate the remainder when 66 is divided by 17.
15
Calculate the remainder when 125 is divided by 39.
8
What is the remainder when 2925 is divided by 71?
14
Calculate the remainder when 237 is divided by 40.
37
What is the remainder when 259 is divided by 247?
12
What is the remainder when 1245 is divided by 14?
13
What is the remainder when 2299 is divided by 96?
91
What is the remainder when 52 is divided by 37?
15
Calculate the remainder when 266 is divided by 54.
50
Calculate the remainder when 1348 is divided by 219.
34
Calculate the remainder when 1419 is divided by 8.
3
Calculate the remainder when 184 is divided 